67 composite?
True
Is 65239 prime?
True
Is 229871 a prime number?
False
Is 394118 a prime number?
False
Is 1333 a composite number?
True
Is 38393 a composite number?
False
Is 16431 a prime number?
False
Is 22937 a prime number?
True
Is 707573 a composite number?
False
Is 4222 a prime number?
False
Is 8737 prime?
True
Is 20323 composite?
False
Is 36353 prime?
True
Is 41131 prime?
True
Is 32081 a prime number?
False
Is 287321 a composite number?
False
Is 28399 composite?
True
Is 655859 a prime number?
True
Is 26899 prime?
False
Is 83599 a composite number?
True
Is 178081 composite?
True
Is 124603 a prime number?
False
Is 386471 a composite number?
False
Is 173335 a prime number?
False
Is 343846 composite?
True
Is 45641 prime?
True
Is 2722 prime?
False
Is 27941 a composite number?
False
Is 631 composite?
False
Is 204037 a prime number?
False
Is 53462 composite?
True
Is 7321 a composite number?
False
Is 10529 a composite number?
False
Is 100279 prime?
True
Is 100202 prime?
False
Is 1465787 composite?
True
Is 1291 prime?
True
Is 277945 a composite number?
True
Is 153817 a composite number?
False
Is 35413 a composite number?
True
Is 9883 prime?
True
Is 5209 composite?
False
Is 58451 a composite number?
False
Is 324361 a prime number?
True
Is 83647 prime?
False
Is 24029 composite?
False
Is 1291531 composite?
True
Is 125327 composite?
True
Is 53773 a prime number?
True
Is 14617 prime?
False
Is 30289 a prime number?
False
Is 6119 a prime number?
False
Is 9937 a composite number?
True
Is 5006 composite?
True
Is 777031 composite?
False
Is 199909 composite?
False
Is 853223 a prime number?
False
Is 161303 composite?
False
Is 8563 prime?
True
Is 44026 composite?
True
Is 317 a composite number?
False
Is 13127 a prime number?
True
Is 264553 a prime number?
True
Is 475715 a prime number?
False
Is 7141 a composite number?
True
Is 751867 a prime number?
True
Is 559967 a prime number?
True
Is 733 prime?
True
Is 1481819 a prime number?
True
Is 3674887 a composite number?
True
Is 244939 a prime number?
True
Is 46849 a composite number?
True
Is 757 a prime number?
True
Is 219577 a prime number?
True
Is 1063351 prime?
True
Is 751 a prime number?
True
Is 326657 a composite number?
False
Is 129874 a composite number?
True
Is 47903 a composite number?
False
Is 15757 prime?
False
Is 166039 a composite number?
True
Is 35887 a composite number?
True
Is 84649 a prime number?
True
Is 50741 a composite number?
False
Is 2154791 a prime number?
True
Is 1350403 a composite number?
False
Is 7513 composite?
True
Is 278095 composite?
True
Is 2183 composite?
True
Is 111563 composite?
True
Is 332603 a composite number?
True
Is 7197 composite?
True
Is 4735 composite?
True
Is 165071 a prime number?
False
Is 692357 a composite number?
True
Is 574391 prime?
False
Is 1151 a composite number?
False
Is 55649 prime?
False
Is 8603 prime?
False
Is 224695 composite?
True
Is 451289 prime?
False
Is 121213 a prime number?
False
Is 227663 composite?
False
Is 86899 composite?
True
Is 2207215 composite?
True
Is 7621 composite?
False
Is 401041 composite?
True
Is 775343 a prime number?
True
Is 1507 a composite number?
True
Is 20287 prime?
True
Is 2719 a composite number?
False
Is 845623 prime?
True
Is 7607 composite?
False
Is 4561 prime?
True
Is 122737 a prime number?
False
Is 188315 prime?
False
Is 45259 prime?
True
Is 12443 a composite number?
True
Is 19011 a composite number?
True
Is 192002 a composite number?
True
Is 6709 a composite number?
False
Is 461561 prime?
True
Is 1197281 a prime number?
True
Is 43327 a composite number?
True
Is 8751 a composite number?
True
Is 231409 a prime number?
True
Is 1482501 a composite number?
True
Is 2427 composite?
True
Is 15469 composite?
True
Is 454985 composite?
True
Is 1405241 composite?
False
Is 118343 composite?
False
Is 265231 composite?
False
Is 42323 prime?
True
Is 17009 prime?
False
Is 2999 a prime number?
True
Is 1569097 a composite number?
False
Is 4033 prime?
False
Is 5331 a prime number?
False
Is 3119 a composite number?
False
Is 1121519 prime?
False
Is 99751 prime?
False
Is 138445 a composite number?
True
Is 342961 a prime number?
False
Is 24593 prime?
True
Is 201193 a composite number?
False
Is 17509 prime?
True
Is 64393 composite?
True
Is 171739 prime?
False
Is 1524577 composite?
True
Is 1032643 a prime number?
True
Is 259271 composite?
False
Is 797 a prime number?
True
Is 4601 prime?
False
Is 41281 a composite number?
False
Is 251 a composite number?
False
Is 6121 a composite number?
False
Is 4783 composite?
False
Is 88427 prime?
True
Is 50021 prime?
True
Is 39965 prime?
False
Is 6820293 a composite number?
True
Is 8923 prime?
True
Is 18113 prime?
False
Is 1099 composite?
True
Is 773207 a composite number?
False
Is 64271 a prime number?
True
Is 312673 a prime number?
True
Is 972787 a prime number?
True
Is 3802 composite?
True
Is 58777 a prime number?
False
Is 371797 a prime number?
True
Is 54685 composite?
True
Is 116789 prime?
True
Is 13439 a prime number?
False
Is 454673 prime?
True
Is 24131 a composite number?
True
Is 39979 composite?
False
Is 49015 a prime number?
False
Is 4853 a composite number?
True
Is 777031 a prime number?
True
Is 5069 a composite number?
True
Is 919 composite?
False
Is 7915 a composite number?
True
Is 34229 a composite number?
True
Is 87853 prime?
True
Is 1706897 prime?
True
Is 75301 a composite number?
True
Is 12941 composite?
False
Is 11549 a prime number?
True
Is 2351 a prime number?
True
Is 11671 a composite number?
True
Is 1668673 prime?
False
Is 3419 composite?
True
Is 167831 a composite number?
True
Is 228849 a prime number?
False
Is 245845 composite?
True
Is 17813 prime?
False
Is 1969953 prime?
False
Is 51941 a prime number?
True
Is 3659 a prime number?
True
Is 6247 prime?
True
Is 25247 composite?
False
Is 248143 a composite number?
True
Is 483671 prime?
True
Is 12323 prime?
True
Is 363386 a composite number?
True
Is 148227 a prime number?
False
Is 36847 a composite number?
False
Is 6271 prime?
True
Is 3497 a composite number?
True
Is 1677751 a composite number?
True
Is 49513 composite?
True
Is 223807 a composite number?
True
Is 12302 a composite number?
True
Is 35887 prime?
False
Is 1540499 a prime number?
True
Is 2047 a composite number?
True
Is 6353 a prime number?
True
Is 28319 composite?
False
Is 149647 a prime number?
False
Is 301351 composite?
True
Is 19717 composite?
False
Is 2231 a composite number?
True
Is 9357 a composite number?
True
Is 98729 a prime number?
True
Is 1399 prime?
True
Is 522931 prime?
False
Is 587579 prime?
True
Is 2445215 composite?
True
Is 11677 prime?
True
Is 3295 a composite number?
True
Is 203429 a composite number?
False
Is 217901 a composite number?
False
Is 1643 composite?
True
Is 37279 a composite number?
True
Is 22409 a prime number?
True
Is 1973 a prime number?
True
Is 17291 a prime number?
True
Is 253709 a composite number?
True
Is 13231 composite?
True
Is 23347 composite?
True
Is 175403 a composite number?
False
Is 64063 a composite number?
False
Is 422185 prime?
False
Is 104303 prime?
False
Is 26419 a composite number?
True
Is 27179 composite?
False
Is 16645 a composite number?
True
Is 12539 a prime number?
True
Is 96527 a composite number?
False
Is 18871 a composite number?
True
Is 5807 prime?
True
Is 262387 a prime number?
True
Is 663709 a composite number?
False
Is 657859 composite?
True
Is 843521 prime?
False
Is 241855 a composite number?
True
Is 26443 a composite number?
True
Is 31829 a composite number?
True
Is 152459 composite?
False
Is 617401 prime?
True
Is 1749377 prime?
False
Is 31957 prime?
True
Is 12469 a prime number?
False
Is 112481 composite?
False
Is 9874 a composite number?
True
Is 4022 composite?
True
Is 2260367 composite?
True
Is 120413 a prime number?
True
Is 1495685 a prime number?
False
Is 8665 a composite number?
True
Is 5401 prime?
False
Is 6103 a composite number?
True
Is 103147 a prime number?
False
Is 91883 a composite number?
True
Is 883921 a prime number?
True
Is 8891 composite?
True
Is 11019 a prime number?
False
Is 566673 a prime number?
False
Is 2059 a prime number?
False
Is 4915 composite?
True
Is 89651 a composite number?
True
Is 1174163 a prime number?
True
Is 400397 a prime number?
False
Is 109789 a composite number?
False
Is 3131